{"id":23,"date":"2020-02-11T15:44:35","date_gmt":"2020-02-11T15:44:35","guid":{"rendered":"http:\/\/imkerei-kolditz.de\/?page_id=23"},"modified":"2020-09-15T15:38:04","modified_gmt":"2020-09-15T15:38:04","slug":"ueber-den-honig","status":"publish","type":"page","link":"https:\/\/imkerei-kolditz.de\/?page_id=23","title":{"rendered":"\u00dcber den Honig"},"content":{"rendered":"\n<p>Honig ist ein von Honigbienen aus dem Nektar von Bl\u00fcten oder Honigtau erzeugtes Lebensmittel &#8211; und zwar eines der \u00e4ltesten der Welt. Je nach Herkunft gibt es eine Vielzahl von Honigsorten. Sie unterscheiden sich zum Teil sehr deutlich in Farbe, Geschmack, Aroma und Konsistenz.<\/p>\n\n\n\n<p>F\u00fcr 1 kg Honig fliegen die Bienen \u00fcbrigens bis zu 7 mal um die Erde. Bis die daf\u00fcr notwendigen 3 kg Nektar gesammelt sind, ist die Lebensarbeit von ca. 350 bis 400 Bienen n\u00f6tig.<\/p>\n\n\n\n<p>Im Honig wurden mehr als 240 verschiedene nat\u00fcrliche Inhaltsstoffe gefunden, darunter viele Aminos\u00e4uren, Vitamine, Mineralstoffe und Spurenelemente. Viele davon sind ern\u00e4hrungsphysiologisch wertvoll. Die S\u00fc\u00dfe des Honigs ergibt sich aus 24 Zuckerarten. Sie bilden mengenm\u00e4\u00dfig den gr\u00f6\u00dften Anteil. Honig enth\u00e4lt im Gegensatz zu normalem Haushaltszucker \u00fcberwiegend Einfachzucker, wie Fructose, Glucose, Maltose oder Melizitose und ist deshalb als schneller, leicht verdaulicher, sehr bek\u00f6mmlicher und schonender Energiespender geeignet.<\/p>\n\n\n\n<p>Selbstverst\u00e4ndlich kann auch ein \u00fcberm\u00e4\u00dfiger Genuss von Honig ungesund sein. Aber selbst f\u00fcr die Z\u00e4hne ist Honig nicht so ungesund wie etwa Bonbons oder andere S\u00fc\u00dfigkeiten. Grund ist wiederum der Gehalt an Einfach- statt Mehrfachzuckern, sowie die baktericide Wirkung &#8211; die Hemmung von Bakterienwachstum. Durch seinen Gehalt an Phosphor und Calcium ist er f\u00fcr Knochen und Z\u00e4hne sogar durchaus gesund.<\/p>\n\n\n\n<p>Honig ist \u00fcbrigens naturbelassene Rohkost und daher ungeeignet f\u00fcr Kinder unter einem Jahr.<\/p>\n\n\n\n<p> \u00d6kokontrollstelle DE-\u00d6KO-037  <\/p>\n","protected":false},"excerpt":{"rendered":"<div class=\"entry-summary\">\nHonig ist ein von Honigbienen aus dem Nektar von Bl\u00fcten oder Honigtau&hellip;\n<\/div>\n<div class=\"link-more\"><a href=\"https:\/\/imkerei-kolditz.de\/?page_id=23\" class=\"more-link\">Continue reading<span class=\"screen-reader-text\"> &ldquo;\u00dcber den Honig&rdquo;<\/span>&hellip;<\/a><\/div>\n","protected":false},"author":1,"featured_media":60,"parent":0,"menu_order":0,"comment_status":"closed","ping_status":"closed","template":"","meta":[],"_links":{"self":[{"href":"https:\/\/imkerei-kolditz.de\/index.php?rest_route=\/wp\/v2\/pages\/23"}],"collection":[{"href":"https:\/\/imkerei-kolditz.de\/index.php?rest_route=\/wp\/v2\/pages"}],"about":[{"href":"https:\/\/imkerei-kolditz.de\/index.php?rest_route=\/wp\/v2\/types\/page"}],"author":[{"embeddable":true,"href":"https:\/\/imkerei-kolditz.de\/index.php?rest_route=\/wp\/v2\/users\/1"}],"replies":[{"embeddable":true,"href":"https:\/\/imkerei-kolditz.de\/index.php?rest_route=%2Fwp%2Fv2%2Fcomments&post=23"}],"version-history":[{"count":4,"href":"https:\/\/imkerei-kolditz.de\/index.php?rest_route=\/wp\/v2\/pages\/23\/revisions"}],"predecessor-version":[{"id":106,"href":"https:\/\/imkerei-kolditz.de\/index.php?rest_route=\/wp\/v2\/pages\/23\/revisions\/106"}],"wp:featuredmedia":[{"embeddable":true,"href":"https:\/\/imkerei-kolditz.de\/index.php?rest_route=\/wp\/v2\/media\/60"}],"wp:attachment":[{"href":"https:\/\/imkerei-kolditz.de\/index.php?rest_route=%2Fwp%2Fv2%2Fmedia&parent=23"}],"curies":[{"name":"wp","href":"https:\/\/api.w.org\/{rel}","templated":true}]}}